000 is divided by 202839?
25
What is the remainder when 5425 is divided by 2037?
1351
Calculate the remainder when 2041908 is divided by 510476.
4
What is the remainder when 144969604 is divided by 7629979?
3
Calculate the remainder when 2220349 is divided by 1546.
293
What is the remainder when 8416929 is divided by 3099?
45
Calculate the remainder when 19756098 is divided by 167.
165
What is the remainder when 41036 is divided by 39154?
1882
What is the remainder when 286804 is divided by 170?
14
What is the remainder when 9188654 is divided by 8?
6
Calculate the remainder when 652014 is divided by 6.
0
Calculate the remainder when 151521 is divided by 75689.
143
What is the remainder when 27450 is divided by 4101?
2844
Calculate the remainder when 395655758 is divided by 2973.
2972
What is the remainder when 207733 is divided by 101738?
4257
What is the remainder when 134959 is divided by 1151?
292
Calculate the remainder when 2099685 is divided by 1049812.
61
What is the remainder when 756749 is divided by 5113?
25
What is the remainder when 6705189 is divided by 569?
93
What is the remainder when 57976349 is divided by 15?
14
What is the remainder when 2495524 is divided by 10103?
83
Calculate the remainder when 1609575 is divided by 168.
135
Calculate the remainder when 28772828 is divided by 168.
140
Calculate the remainder when 50871587 is divided by 21.
11
What is the remainder when 9394330 is divided by 22913?
0
Calculate the remainder when 1302297 is divided by 434096.
9
What is the remainder when 70764452 is divided by 549?
548
What is the remainder when 771319 is divided by 587?
1
Calculate the remainder when 2767250 is divided by 1383414.
422
Calculate the remainder when 119365 is divided by 5644.
841
Calculate the remainder when 104170 is divided by 20403.
2155
What is the remainder when 60261 is divided by 11348?
3521
What is the remainder when 841499 is divided by 9784?
75
What is the remainder when 48139 is divided by 2528?
107
Calculate the remainder when 201619516 is divided by 7240.
7236
Calculate the remainder when 216759 is divided by 2929.
13
What is the remainder when 35407080 is divided by 38?
10
What is the remainder when 186281 is divided by 90912?
4457
Calculate the remainder when 3184033 is divided by 10108.
13
What is the remainder when 173571765 is divided by 57857253?
6
What is the remainder when 15887725 is divided by 88?
29
Calculate the remainder when 473207 is divided by 47202.
1187
Calculate the remainder when 58121 is divided by 58110.
11
What is the remainder when 3795746 is divided by 3795726?
20
What is the remainder when 9043079 is divided by 2260734?
143
Calculate the remainder when 448627 is divided by 448626.
1
What is the remainder when 10645 is divided by 2996?
1657
What is the remainder when 1547887 is divided by 1048?
1039
What is the remainder when 2545141 is divided by 121197?
4
What is the remainder when 703893 is divided by 211?
208
What is the remainder when 208164005 is divided by 486?
485
What is the remainder when 2975041 is divided by 8?
1
Calculate the remainder when 5369086 is divided by 768.
766
Calculate the remainder when 127403 is divided by 3549.
3188
Calculate the remainder when 2935447 is divided by 11035.
137
Calculate the remainder when 183756 is divided by 2418.
2406
Calculate the remainder when 97284 is divided by 59.
52
What is the remainder when 367144 is divided by 2227?
1916
What is the remainder when 73213615 is divided by 15?
10
What is the remainder when 30735386 is divided by 21?
17
Calculate the remainder when 478708 is divided by 3791.
1042
What is the remainder when 9856707 is divided by 224016?
3
What is the remainder when 7852004 is divided by 88?
28
Calculate the remainder when 1207232 is divided by 92864.
0
What is the remainder when 1702464 is divided by 567481?
21
Calculate the remainder when 53665022 is divided by 1329.
2
Calculate the remainder when 273647666 is divided by 1735.
1731
What is the remainder when 3497557 is divided by 309?
295
Calculate the remainder when 378119 is divided by 46965.
2399
What is the remainder when 452470358 is divided by 4819?
4810
What is the remainder when 1264948 is divided by 35125?
448
What is the remainder when 61314599 is divided by 600?
599
What is the remainder when 364375 is divided by 364261?
114
What is the remainder when 2118825 is divided by 21188?
25
Calculate the remainder when 17302435 is divided by 77.
73
Calculate the remainder when 382833 is divided by 2265.
48
Calculate the remainder when 50817 is divided by 459.
327
Calculate the remainder when 217239 is divided by 216619.
620
Calculate the remainder when 986989 is divided by 10281.
13
What is the remainder when 4853609 is divided by 364?
33
Calculate the remainder when 1228967 is divided by 661.
168
What is the remainder when 181477 is divided by 89995?
1487
Calculate the remainder when 382312588 is divided by 8728.
4
What is the remainder when 1886568877 is divided by 4?
1
Calculate the remainder when 1487604 is divided by 173.
150
What is the remainder when 78915815 is divided by 48?
23
Calculate the remainder when 3714181 is divided by 59906.
9
Calculate the remainder when 32609817 is divided by 572101.
60
Calculate the remainder when 9788340 is divided by 29045.
175
Calculate the remainder when 22886 is divided by 21970.
916
Calculate the remainder when 428769 is divided by 501.
414
Calculate the remainder when 850351 is divided by 2049.
16
What is the remainder when 12714217 is divided by 839?
11
Calculate the remainder when 12482628 is divided by 2992.
4
What is the remainder when 129380 is divided by 129162?
218
What is the remainder when 136581 is divided by 686?
67
Calculate the remainder when 526448 is divided by 2393.
2381
Calculate the remainder when 16748424 is divided by 2791403.
6
Calculate the remainder when 395001 is divided by 1330.
1321
What is the remainder when 9647 is divided by 241?
7
Calculate the remainder when 122555 is divided by 1441.
70
What is the remainder when 154028 is divided by 50407?
2807
Calculate the remainder when 77202643 is divided by 1116.
1111
What is the remainder when 90806 is divided by 4974?
1274
What is the remainder when 27839824 is divided by 1385?
1324
What is the remainder when 178756 is divided by 1015?
116
Calculate the remainder when 621295 is divided by 26.
25
What is the remainder when 370453 is divided by 370356?
97
What is the remainder when 58771709 is divided by 19519?
0
What is the remainder when 3355562 is divided by 1677774?
14
What is the remainder when 51818300 is divided by 46?
36
Calculate the remainder when 1398580 is divided by 303.
235
Calculate the remainder when 12894256 is divided by 248.
240
What is the remainder when 460607 is divided by 1547?
1148
Calculate the remainder when 83502 is divided by 1103.
777
What is the remainder when 1158730 is divided by 289250?
1730
Calculate the remainder when 19999744 is divided by 35.
9
What is the remainder when 74107416 is divided by 55?
31
What is the remainder when 3630959 is divided by 44?
35
Calculate the remainder when 1057989 is divided by 7724.
7525
Calculate the remainder when 1713146442 is divided by 6339.
6336
What is the remainder when 6752558 is divided by 1688131?
34
Calculate the remainder when 17569259 is divided by 4252.
4247
What is the remainder when 15657 is divided by 2592?
105
Calculate the remainder when 3819932 is divided by 165.
17
What is the remainder when 7024649 is divided by 351232?
9
What is the remainder when 1637085 is divided by 12?
9
What is the remainder when 9759747 is divided by 1430?
1427
What is the remainder when 51186834 is divided by 5067?
0
What is the remainder when 767570 is divided by 332?
318
Calculate the remainder when 26161869 is divided by 56262.
39
What is the remainder when 4084282 is divided by 4518?
10
Calculate the remainder when 164746 is divided by 11604.
2290
Calculate the remainder when 4978695 is divided by 1768.
7
What is the remainder when 1851728 is divided by 264508?
172
What is the remainder when 1492771 is divided by 3818?
3751
What is the remainder when 436298 is divided by 436287?
11
Calculate the remainder when 778665 is divided by 617.
11
Calculate the remainder 